1430350 is divided by 144.
142
What is the remainder when 220 is divided by 16?
12
What is the remainder when 2933 is divided by 959?
56
What is the remainder when 169213 is divided by 282?
13
What is the remainder when 400164 is divided by 58?
22
Calculate the remainder when 1162 is divided by 138.
58
What is the remainder when 46945 is divided by 209?
129
What is the remainder when 598747 is divided by 52?
19
What is the remainder when 27659 is divided by 36?
11
What is the remainder when 34769 is divided by 194?
43
Calculate the remainder when 6408 is divided by 403.
363
What is the remainder when 90199 is divided by 6?
1
What is the remainder when 2164 is divided by 53?
44
Calculate the remainder when 101 is divided by 69.
32
What is the remainder when 423001 is divided by 26?
7
What is the remainder when 6817 is divided by 343?
300
Calculate the remainder when 443 is divided by 417.
26
Calculate the remainder when 44457 is divided by 90.
87
What is the remainder when 2290 is divided by 222?
70
What is the remainder when 52852 is divided by 214?
208
Calculate the remainder when 41166 is divided by 298.
42
What is the remainder when 1196 is divided by 13?
0
What is the remainder when 288376 is divided by 35?
11
What is the remainder when 6521 is divided by 6517?
4
Calculate the remainder when 5782 is divided by 232.
214
What is the remainder when 1025472 is divided by 829?
828
What is the remainder when 11294 is divided by 2208?
254
What is the remainder when 268987 is divided by 4?
3
Calculate the remainder when 8400 is divided by 211.
171
What is the remainder when 18408 is divided by 83?
65
Calculate the remainder when 36014 is divided by 13.
4
What is the remainder when 104704 is divided by 34853?
145
Calculate the remainder when 2492 is divided by 339.
119
What is the remainder when 37634 is divided by 459?
455
What is the remainder when 58173 is divided by 18?
15
Calculate the remainder when 540646 is divided by 181.
180
Calculate the remainder when 10729 is divided by 566.
541
Calculate the remainder when 6490 is divided by 718.
28
What is the remainder when 6575 is divided by 227?
219
Calculate the remainder when 12169 is divided by 1735.
24
Calculate the remainder when 14930 is divided by 57.
53
What is the remainder when 24634 is divided by 1637?
79
Calculate the remainder when 130923 is divided by 106.
13
What is the remainder when 3750 is divided by 36?
6
What is the remainder when 908 is divided by 118?
82
Calculate the remainder when 223136 is divided by 20.
16
What is the remainder when 73801 is divided by 61?
52
What is the remainder when 17151 is divided by 881?
412
What is the remainder when 118472 is divided by 3?
2
What is the remainder when 12563 is divided by 148?
131
What is the remainder when 2235 is divided by 196?
79
Calculate the remainder when 27346 is divided by 1188.
22
What is the remainder when 409 is divided by 57?
10
Calculate the remainder when 18593 is divided by 28.
1
What is the remainder when 21833 is divided by 124?
9
What is the remainder when 77212 is divided by 77204?
8
What is the remainder when 3690 is divided by 749?
694
Calculate the remainder when 1357908 is divided by 1255.
1253
Calculate the remainder when 4459 is divided by 234.
13
What is the remainder when 70357 is divided by 70356?
1
Calculate the remainder when 30463 is divided by 396.
367
What is the remainder when 348 is divided by 109?
21
Calculate the remainder when 59787 is divided by 15.
12
Calculate the remainder when 33247 is divided by 665.
662
What is the remainder when 63338 is divided by 4221?
23
Calculate the remainder when 258 is divided by 29.
26
Calculate the remainder when 585585 is divided by 45045.
0
What is the remainder when 76049 is divided by 6912?
17
Calculate the remainder when 160934 is divided by 63.
32
What is the remainder when 7466 is divided by 2483?
17
What is the remainder when 84725 is divided by 68?
65
Calculate the remainder when 113059 is divided by 146.
55
What is the remainder when 2194 is divided by 862?
470
Calculate the remainder when 936260 is divided by 207.
206
What is the remainder when 395 is divided by 193?
9
What is the remainder when 36840 is divided by 12241?
117
Calculate the remainder when 4172 is divided by 2019.
134
Calculate the remainder when 15648 is divided by 29.
17
Calculate the remainder when 2995 is divided by 1212.
571
Calculate the remainder when 37289 is divided by 26.
5
Calculate the remainder when 65763 is divided by 97.
94
Calculate the remainder when 64592 is divided by 525.
17
Calculate the remainder when 22869 is divided by 28.
21
What is the remainder when 13605 is divided by 564?
69
Calculate the remainder when 13005 is divided by 7.
6
What is the remainder when 8499 is divided by 1214?
1
Calculate the remainder when 1132 is divided by 577.
555
What is the remainder when 454690 is divided by 5226?
28
Calculate the remainder when 673637 is divided by 373.
372
What is the remainder when 38793 is divided by 9676?
89
What is the remainder when 195 is divided by 78?
39
What is the remainder when 7660 is divided by 310?
220
Calculate the remainder when 2381 is divided by 43.
16
Calculate the remainder when 35341 is divided by 82.
81
What is the remainder when 47022 is divided by 47019?
3
Calculate the remainder when 351142 is divided by 727.
1
What is the remainder when 178332 is divided by 870?
852
What is the remainder when 600 is divided by 201?
198
Calculate the remainder when 6787 is divided by 6747.
40
Calculate the remainder when 31721 is divided by 12.
5
Calculate the remainder when 616715 is divided by 666.
665
Calculate the remainder when 19165 is divided by 6384.
13
What is the remainder when 2922 is divided by 629?
406
Calculate the remainder when 9247 is divided by 319.
315
Calculate the remainder when 56964 is divided by 26.
24
What is the remainder when 4743345 is divided by 343?
341
What is the remainder when 1665177 is divided by 290?
287
Calculate the remainder when 150196 is divided by 43.
40
Calculate the remainder when 240965 is divided by 2591.
2
What is the remainder when 81102 is divided by 254?
76
What is the remainder when 85828 is divided by 330?
28
Calculate the remainder when 153596 is divided by 128.
124
What is the remainder when 99 is divided by 81?
18
What is the remainder when 8058 is divided by 170?
68
Calculate the remainder when 21898 is divided by 20.
18
What is the remainder when 30417 is divided by 1442?
135
Calculate the remainder when 17356 is divided by 753.
37
Calculate the remainder when 6119 is divided by 146.
133
What is the remainder when 12566 is divided by 2456?
286
Calculate the remainder when 1423348 is divided by 695.
683
What is the remainder when 7700 is divided by 3843?
14
Calculate the remainder when 36480 is divided by 7292.
20
What is the remainder when 5955 is divided by 850?
5
What is the remainder when 77680 is divided by 74?
54
What is the remainder when 7757 is divided by 10?
7
What is the remainder when 2312 is divided by 245?
107
What is the remainder when 74 is divided by 9?
2
What is the remainder when 18351 is divided by 4540?
191
What is the remainder when 1746 is divided by 90?
36
Calculate the remainder when 202910 is divided by 1828.
2
What is the remainder when 215046 is divided by 960?
6
What is the remainder when 62414 is divided by 1115?
1089
What is the remainder when 14276 is divided by 223?
4
What is the remainder when 96256 is divided by 78?
4
What is the remainder when 270269 is divided by 42?
41
What is the remainder when 5879 is divided by 105?
104
What is the remainder when 706 is divided by 409?
297
Calculate the remainder when 22484 is divided by 2044.
0
What is the remainder when 14051 is divided by 54?
11
What is the remainder when 2471 is divided by 2374?
97
Calculate the remainder when 6879 is divided by 2967.
945
Calculate the remainder when 942 is divided by 52.
6
Calculate the remainder when 4284 is divided by 19.
9
What is the remainder when 51452 is divided by 166?
158
Calculate the remainder when 20542 is divided by 1537.
561
Calculate the remainder when 30143 is divided by 157.
156
Calculate the remainder when 763223 is divided by 12.
11
What is the remainder when 4636